t is u(8)?
104
Let q(p) = p**3 + 10*p**2 - 29*p + 4. Give q(-12).
64
Let l(a) = -2*a**3 - 11*a**2 - 27*a + 32. Calculate l(-6).
230
Let o(p) = 8*p - 454. Give o(57).
2
Let z(y) = -6*y + 43. Determine z(20).
-77
Let v(m) = -60*m - 200. Determine v(-3).
-20
Let i(p) = p**3 + 79*p**2 + 439*p + 98. What is i(-73)?
25
Let o(a) = 3*a**2 + 98*a + 331. Give o(-32).
267
Let y(z) = -z**3 - 29*z**2 + 8*z - 665. Calculate y(-30).
-5
Let c(s) = -40*s + 18. Determine c(1).
-22
Let k(z) = -21*z**2 + 46*z - 8. Calculate k(4).
-160
Let r(c) = 45*c - 85. Give r(3).
50
Let n(t) = -79*t + 136. What is n(3)?
-101
Let c(z) = 2*z**3 + 235*z**2 + 359*z + 1292. Calculate c(-116).
16
Let r(i) = -14*i**2 + 118*i + 9. Determine r(9).
-63
Let i(r) = -3*r**2 - 20*r + 62. Give i(-10).
-38
Let k(h) = -18*h**2 + 366*h + 1857. What is k(-5)?
-423
Let w(j) = 55*j + 147. What is w(-9)?
-348
Let i(f) = 2*f**2 - 191*f - 979. What is i(-5)?
26
Let d(n) = -2*n**3 + 64*n**2 - 30*n - 987. Give d(31).
5
Let g(p) = -2*p**3 + 14*p**2 - 7*p + 10. Calculate g(8).
-174
Let u(l) = l**3 - 48*l**2 + 53*l - 286. Determine u(47).
-4
Let a(s) = -39*s**2 - 817*s + 44. Determine a(-21).
2
Let b(r) = r**3 - 59*r**2 + 364*r - 10. Calculate b(7).
-10
Let m(i) = 5*i**2 - 39*i - 27. Calculate m(8).
-19
Let m(x) = -205*x - 7748. What is m(-39)?
247
Let z(a) = 63*a - 308. Determine z(4).
-56
Let p(w) = 24*w**2 - 865*w + 39. What is p(36)?
3
Let q(y) = -y**2 + y - 12. What is q(-7)?
-68
Let y(a) = -5*a**2 - 7*a - 3. What is y(2)?
-37
Let u(r) = -r**3 - 5*r**2 + 41*r - 18. Calculate u(4).
2
Let b(i) = -i**2 - 49*i + 258. What is b(-28)?
846
Let u(v) = -204*v + 1776. Give u(8).
144
Let q(f) = -2*f**3 - 182*f**2 - 17*f - 1468. Give q(-91).
79
Let y(i) = 785*i + 6962. Give y(-9).
-103
Let a(w) = w**3 - 5*w**2 - 14*w + 74. Calculate a(6).
26
Let y(l) = 15*l - 46. Calculate y(-4).
-106
Let q(c) = 5*c**2 - 59*c + 27. Calculate q(12).
39
Let c(g) = -2*g**2 - 63*g - 225. What is c(-27)?
18
Let m(g) = g**2 - 39*g + 215. Calculate m(33).
17
Let w(u) = u**2 + 861*u + 3433. Determine w(-4).
5
Let j(r) = 29*r**3 - r**2 + 9*r + 9. Calculate j(-1).
-30
Let a(p) = 16*p**2 - 358*p + 141. Give a(22).
9
Let c(w) = 12*w**3 - 222*w**2 + 109*w - 16. Calculate c(18).
2
Let a(y) = y**2 - 5*y - 32. Determine a(6).
-26
Let q(n) = -n**3 - 5*n**2 + 265*n + 535. Give q(-2).
-7
Let l(t) = -108*t + 359. Determine l(3).
35
Let k(b) = -8*b**2 + 2876*b + 7253. Give k(362).
13
Let u(j) = 6*j**2 + 112*j + 123. Calculate u(-17).
-47
Let h(b) = -b**2 - b + 286. Determine h(16).
14
Let o(t) = t**2 + 5*t - 364. Determine o(17).
10
Let x(q) = q**3 + 15*q**2 + 32*q - 88. What is x(-5)?
2
Let h(z) = z**2 + 70*z - 70. Give h(-71).
1
Let j(l) = -l**3 - 18*l**2 + 3*l - 314. Calculate j(-19).
-10
Let o(y) = 21*y**3 - 227*y + 226. Determine o(1).
20
Let d(j) = -2*j**3 - 8*j**2 - 5*j. Calculate d(-3).
-3
Let k(i) = i**3 - 9*i**2 + 39*i - 2. Give k(3).
61
Let h(l) = 36*l**2 + 102*l - 31. Give h(-3).
-13
Let k(f) = -142*f - 3394. Give k(-24).
14
Let l(q) = -1594*q - 7966. Give l(-5).
4
Let n(p) = -p**3 + 4*p**2 + 7*p + 22. Give n(-4).
122
Let c(r) = 5*r**2 - 204*r + 860. Determine c(36).
-4
Let y(w) = 22*w**2 - 105*w + 72. Determine y(4).
4
Let x(j) = 150*j + 268. Give x(-2).
-32
Let x(s) = -11*s**2 - 10*s + 7. What is x(-4)?
-129
Let c(l) = 2*l**2 - 4*l - 234. Calculate c(13).
52
Let b(q) = 20*q + 377. Calculate b(-18).
17
Let y(a) = -a**3 + 45*a**2 - 164*a + 8. Give y(41).
8
Let i(n) = 6*n - 124. What is i(22)?
8
Let x(w) = -4*w**3 - 362*w**2 - 531*w + 265. Give x(-89).
-2
Let o(c) = -18*c**2 - 114*c + 104. What is o(-7)?
20
Let p(g) = 6572*g - 52576. Determine p(8).
0
Let i(q) = -q**3 - 6*q**2 - 26*q + 362. What is i(0)?
362
Let n(s) = -136*s + 280. Determine n(2).
8
Let z(j) = j**3 + 20*j**2 + 29*j - 128. Give z(-18).
-2
Let x(o) = -o**2 + 21*o - 28. Calculate x(21).
-28
Let a(v) = 3*v**3 + 8*v**2 - 34*v - 93. Calculate a(-3).
0
Let i(l) = 3*l**3 - 6*l**2 + 3*l - 8. What is i(4)?
100
Let z(m) = 11*m + 446. Give z(-41).
-5
Let j(k) = -2*k**2 - 189*k - 1298. Calculate j(-87).
7
Let d(s) = s**3 + 6*s**2 - 30*s - 33. Calculate d(-9).
-6
Let w(b) = 19*b - 287. What is w(11)?
-78
Let a(s) = -2*s**3 - 31*s**2 - 117*s - 13. What is a(-8)?
-37
Let s(h) = -186*h + 137. What is s(4)?
-607
Let i(z) = z**3 + 66*z**2 - 79*z - 760. Determine i(-67).
44
Let i(f) = 2772*f - 8320. Calculate i(3).
-4
Let n(p) = p**2 - 38*p + 119. Calculate n(33).
-46
Let n(m) = m**3 - 49*m**2 - 48*m + 79. Calculate n(50).
179
Let q(o) = -20*o**2 + o - 1. Give q(-2).
-83
Let l(a) = a**2 - 34*a + 188. Calculate l(22).
-76
Let c(t) = 5*t**2 - 56*t + 97. Calculate c(9).
-2
Let r(n) = -n**2 + 77*n + 490. Determine r(-6).
-8
Let v(l) = -19*l**2 + 1425*l + 9. Give v(75).
9
Let m(u) = 2*u**3 + 40*u**2 + 147*u - 41. Determine m(-15).
4
Let t(x) = 5110*x - 35756. Give t(7).
14
Let m(z) = -9*z**2 - 41*z + 1. Calculate m(-5).
-19
Let v(w) = -138*w**2 - 130*w + 1. Determine v(-1).
-7
Let q(l) = -2*l**3 + 57*l**2 + 499*l + 10. What is q(-7)?
-4
Let i(z) = -14*z**2 + 48*z - 16. What is i(5)?
-126
Let z(i) = i**2 - 17*i + 50. Give z(18).
68
Let t(r) = -r**3 - 13*r**2 - 42*r + 14. Determine t(-10).
134
Let a(o) = -73*o**2 - 11*o - 42. Calculate a(-2).
-312
Let m(y) = 12*y**2 - 17*y - 8. Calculate m(-5).
377
Let i(t) = 6*t**3 + 3*t**2 + 3*t - 37. What is i(0)?
-37
Let p(v) = 13*v**2 - 200*v + 135. Determine p(16).
263
Let h(k) = -k**3 + 9*k**2 - 2*k - 7. Give h(8).
41
Let f(g) = -g**2 + 33*g - 221. What is f(28)?
-81
Let n(o) = -o**3 + 11*o**2 + 4*o + 12. Determine n(12).
-84
Let j(g) = -3*g**3 + 10*g**2 + 8*g - 6. Give j(-4).
314
Let r(v) = 10*v**2 + 85*v + 41. Determine r(-8).
1
Let v(r) = 14*r + 489. Calculate v(-29).
83
Let c(j) = 4*j**3 + j**2 - 8*j + 15. Calculate c(3).
108
Let p(n) = -2*n**3 + 156*n**2 + 320*n - 7. Give p(80).
-7
Let s(o) = o**2 + 107*o + 2828. What is s(-59)?
-4
Let a(v) = 203*v + 6518. What is a(-32)?
22
Let w(n) = -n**3 - 29*n**2 + 57*n - 8. Give w(-31).
147
Let n(k) = k**3 + 17*k**2 + 5*k - 173. Give n(-12).
487
Let d(v) = -v**3 - 14*v**2 + 204*v - 21. Give d(9).
-48
Let r(i) = i**3 - 32*i**2 - 4*i + 129. Determine r(32).
1
Let y(d) = 11*d**3 + 58*d**2 + 15*d - 5. Determine y(-5).
-5
Let p(y) = -2*y**2 + 8*y + 153. Give p(-12).
-231
Let l(w) = -2*w**3 + 32*w**2 + 71*w + 22. What is l(18)?
4
Let y(z) = -2306*z - 11535. What is y(-5)?
-5
Let w(m) = -12*m**2 - 188*m - 95. Determine w(-15).
25
Let n(p) = -148*p + 183. Calculate n(7).
-853
Let u(t) = 160*t - 7510. What is u(47)?
10
Let z(s) = 17*s**2 - 611*s - 38. Give z(36).
-2
Let w(v) = v**3 + 43*v**2 - 237*v - 19. What is w(-48)?
-163
Let x(d) = d**3 - 3*d**2 + 115*d + 117. What is x(-1)?
-2
Let k(y) = 2*y**2 - 44*y + 220. Calculate k(15).
10
Let b(r) = r**2 - 9*r - 524. What is b(26)?
-82
Let f(w) = w**2 - 8*w - 1372. What is f(41)?
-19
Let z(w) = -143*w**2 + 24*w - 22. Give z(1).
-141
Let v(q) = q**3 + 4*q**2 - 32*q - 136. What is v(-4)?
-8
Let s(k) = -k**3 - 11*k**2 + 4*k + 34. Give s(-11).
-10
Let c(x) = -2*x**2 + 18*x - 41. Determine c(6).
-5
Let s(u) = -u - 103. Give s(-10).
-93
Let a(p) = 12*p**2 + 23*p + 3. Give a(-2).
5
Let i(l) = -15*l + 537. Calculate i(34).
27
Let c(i) = 8*i**3 + 2*i**2 - i - 11. Calculate c(-2).
-65
Let u(l) = l**2 - 41*l + 135. Determine u(33).
-129
Let d(f) = -7*f**2 + 145*f - 608. Calculate d(6).
10
Let a(s) = 5*s**2 - 16*s + 164. Determine a(9).
425
Let f(n) = n**2 + 4985*n - 14955. Calculate f(3).
9
Let p(m) = 24*m - 40. Give p(6).
104
Let i(f) = 4*f**3 - 400*f**2 + 393*f + 298. Calculate i(99).
1
Let u(a) = -a**2 + 40*a - 386. Give u(17).
5
Let c(t) = t**3 - 24*t**2 - 80*t - 38. Calculate c(28).
858
Let o(j) = -2*j**3 + 84*j**2 - 4*j - 46. Give o(42).
-214
Let n(r) = -11*r**2 - 43*r + 29. What is n(-4)?
25
Let t(x) = 22*x**2 + 79*x - 39. Determine t(-4).
-3
Let d(n) = -100*n + 234. Determine d(-5).
734
Let w(k) = -k**3 + k**2 + 7*k - 4. Calculate w(-3).
11
Let n(h) = -h**3 + 38*h**2 + 43*h - 77. Calculate n(39).
79
Let s(m) = -135*m - 7963. What is s(-59)?
2
Let q(s) = s**2 - s + 2. Determine q(2).
4
Let g(o) = -o**3 - 3*o**2 + 122*o - 243. Give g(2).
-19
Let o(r) = -18*r**3 + 1456*r**2 + 169*r - 570. Give o(81).
-3
Let g(v) = -261*v**2 - 16697*v + 448. Determine g(-64).
0
Let a(i) = 5*i**